{"id":225,"date":"2015-02-08T15:49:49","date_gmt":"2015-02-08T14:49:49","guid":{"rendered":"http:\/\/wordpress.wordup-hd.de\/?page_id=225"},"modified":"2026-01-22T11:08:48","modified_gmt":"2026-01-22T10:08:48","slug":"teilnahme","status":"publish","type":"page","link":"https:\/\/wordup-hd.de\/?page_id=225","title":{"rendered":"Teilnahme"},"content":{"rendered":"<p>Bei einigen unserer Poetry Slams im Kulturfenster (U20), in der Leitstelle und gelegentlich an anderen Orten kann jede*r teilnehmen. Ihr m\u00fcsst uns weder Manuskripte schicken noch nachweisen, dass Ihr bereits anderswo aufgetreten seid.<\/p>\n<p>Bei den U20 Slams darf mitmachen, wer nicht \u00e4lter als 20 Jahre ist.<\/p>\n<p>Wenn es einen Termin gibt, bei dem Ihr auftreten wollt:<br \/>&#8211; Anmeldungen bitte ganz formlos per <a href=\"mailto:kontakt@wordup-hd.de\">E-Mail<\/a> so lange Pl\u00e4tze frei sind.<br \/>(Oft sind die Slams aber auf Monate hinaus ausgebucht. Wir bitten um Euer Verst\u00e4ndnis.)<br \/>&#8211; Bitte schreibt uns in der Anmeldung, wie alt Ihr seid und wo Ihr lebt. <br \/>&#8211; Es k\u00f6nnen keine Fahrtkosten erstattet oder \u00dcbernachtungsm\u00f6glichkeiten gestellt werden.<\/p>\n<p>Falls Ihr noch Fragen haben solltet, schreibt gerne eine <a href=\"mailto:kontakt@wordup-hd.de\">E-Mail<\/a>. Wir bem\u00fchen uns, schnell zu antworten, bitten aber um Verst\u00e4ndnis, wenn es mal l\u00e4nger dauert. Uns erreichen sehr viele Anfragen.<\/p>\n<p>Um immer aktuelle Termine zu bekommen, f\u00fcr die man sich anmelden kann, abonniert diesen Newsletter:<br \/>(Tragt bitte auch Euren Vor- und Nachnamen ein, damit wir Euch von Spam-Bots unterscheiden k\u00f6nnen, die sich leider auch hier eintragen. Sonst wird Eure Mailadresse evtl. wieder gel\u00f6scht. Danke!)\u00a0<\/p>\n<p><!-- Begin Mailchimp Signup Form --><\/p>\n<div id=\"mc_embed_signup\"><form id=\"mc-embedded-subscribe-form\" class=\"validate\" action=\"https:\/\/wordup-hd.us21.list-manage.com\/subscribe\/post?u=8c5eac18ae1546184dcf0337f&amp;id=d1f8e84829&amp;f_id=0023bee1f0\" method=\"post\" name=\"mc-embedded-subscribe-form\" novalidate=\"\" target=\"_blank\">\n<div id=\"mc_embed_signup_scroll\">\n<div class=\"mc-field-group\"><label for=\"mce-EMAIL\">Email Adresse\u00a0<\/label> <input id=\"mce-EMAIL\" class=\"required email\" name=\"EMAIL\" required=\"\" type=\"email\" value=\"\" \/> <span id=\"mce-EMAIL-HELPERTEXT\" class=\"helper_text\"><\/span><\/div>\n<div class=\"mc-field-group\"><label for=\"mce-FNAME\">Vorname\u00a0<\/label>\u00a0 \u00a0 \u00a0 \u00a0 \u00a0 <input id=\"mce-FNAME\" class=\"required\" name=\"FNAME\" required=\"\" type=\"text\" value=\"\" \/> <span id=\"mce-FNAME-HELPERTEXT\" class=\"helper_text\"><\/span><\/div>\n<div class=\"mc-field-group\"><label for=\"mce-LNAME\">Nachname\u00a0<\/label>\u00a0 \u00a0 \u00a0 \u00a0<input id=\"mce-LNAME\" class=\"required\" name=\"LNAME\" required=\"\" type=\"text\" value=\"\" \/> <span id=\"mce-LNAME-HELPERTEXT\" class=\"helper_text\"><\/span><\/div>\n<div id=\"mce-responses\" class=\"clear foot\">\n<div id=\"mce-error-response\" class=\"response\" style=\"display: none;\">\u00a0<\/div>\n<div id=\"mce-success-response\" class=\"response\" style=\"display: none;\">\u00a0<\/div>\n<\/div>\n<p><!-- real people should not fill this in and expect good things - do not remove this or risk form bot signups--><\/p>\n<div style=\"position: absolute; left: -5000px;\" aria-hidden=\"true\"><input tabindex=\"-1\" name=\"b_8c5eac18ae1546184dcf0337f_d1f8e84829\" type=\"text\" value=\"\" \/><\/div>\n<div class=\"optionalParent\">\n<div class=\"clear foot\"><input id=\"mc-embedded-subscribe\" class=\"button\" name=\"subscribe\" type=\"submit\" value=\"Subscribe\" \/>\n<p class=\"brandingLogo\"><a title=\"Mailchimp - email marketing made easy and fun\" href=\"http:\/\/eepurl.com\/iq_ngA\"><img decoding=\"async\" src=\"https:\/\/eep.io\/mc-cdn-images\/template_images\/branding_logo_text_dark_dtp.svg\" \/><\/a><\/p>\n<\/div>\n<\/div>\n<\/div>\n<\/form><\/div>\n<p><script type=\"text\/javascript\" src=\"\/\/s3.amazonaws.com\/downloads.mailchimp.com\/js\/mc-validate.js\"><\/script><script type=\"text\/javascript\">(function($) {window.fnames = new Array(); window.ftypes = new Array();fnames[0]='EMAIL';ftypes[0]='email';fnames[1]='FNAME';ftypes[1]='text';fnames[2]='LNAME';ftypes[2]='text';fnames[3]='ADDRESS';ftypes[3]='address';fnames[4]='PHONE';ftypes[4]='phone';fnames[5]='BIRTHDAY';ftypes[5]='birthday';}(jQuery));var $mcj = jQuery.noConflict(true);<\/script><\/p>\n<p><!--End mc_embed_signup--><\/p>\n\n\n<p><\/p>\n\n\n\n<p><\/p>\n\n\n\n<p><br><br><\/p>\n","protected":false},"excerpt":{"rendered":"<p>Bei einigen unserer Poetry Slams im Kulturfenster (U20), in der Leitstelle und gelegentlich an anderen Orten kann jede*r teilnehmen. Ihr m\u00fcsst uns weder Manuskripte schicken noch nachweisen, dass Ihr bereits anderswo aufgetreten seid. Bei den U20 Slams darf mitmachen, wer nicht \u00e4lter als 20 Jahre ist. Wenn es einen Termin \u2026 <a class=\"continue-reading-link\" href=\"https:\/\/wordup-hd.de\/?page_id=225\">Mehr lesen&#8230;<\/a><\/p>\n","protected":false},"author":1,"featured_media":0,"parent":176,"menu_order":3,"comment_status":"closed","ping_status":"open","template":"","meta":{"footnotes":""},"class_list":["post-225","page","type-page","status-publish","hentry"],"yoast_head":"<!-- This site is optimized with the Yoast SEO plugin v27.4 - https:\/\/yoast.com\/product\/yoast-seo-wordpress\/ -->\n<title>Teilnahme - WORD UP!<\/title>\n<meta name=\"robots\" content=\"index, follow, max-snippet:-1, max-image-preview:large, max-video-preview:-1\" \/>\n<link rel=\"canonical\" href=\"https:\/\/wordup-hd.de\/?page_id=225\" \/>\n<meta property=\"og:locale\" content=\"de_DE\" \/>\n<meta property=\"og:type\" content=\"article\" \/>\n<meta property=\"og:title\" content=\"Teilnahme - WORD UP!\" \/>\n<meta property=\"og:description\" content=\"Bei einigen unserer Poetry Slams im Kulturfenster (U20), in der Leitstelle und gelegentlich an anderen Orten kann jede*r teilnehmen. Ihr m\u00fcsst uns weder Manuskripte schicken noch nachweisen, dass Ihr bereits anderswo aufgetreten seid. Bei den U20 Slams darf mitmachen, wer nicht \u00e4lter als 20 Jahre ist. Wenn es einen Termin \u2026 Mehr lesen...\" \/>\n<meta property=\"og:url\" content=\"https:\/\/wordup-hd.de\/?page_id=225\" \/>\n<meta property=\"og:site_name\" content=\"WORD UP!\" \/>\n<meta property=\"article:publisher\" content=\"https:\/\/www.facebook.com\/WORDUPHD\" \/>\n<meta property=\"article:modified_time\" content=\"2026-01-22T10:08:48+00:00\" \/>\n<meta property=\"og:image\" content=\"https:\/\/eep.io\/mc-cdn-images\/template_images\/branding_logo_text_dark_dtp.svg\" \/>\n<meta name=\"twitter:label1\" content=\"Gesch\u00e4tzte Lesezeit\" \/>\n\t<meta name=\"twitter:data1\" content=\"2\u00a0Minuten\" \/>\n<script type=\"application\/ld+json\" class=\"yoast-schema-graph\">{\"@context\":\"https:\\\/\\\/schema.org\",\"@graph\":[{\"@type\":\"WebPage\",\"@id\":\"https:\\\/\\\/wordup-hd.de\\\/?page_id=225\",\"url\":\"https:\\\/\\\/wordup-hd.de\\\/?page_id=225\",\"name\":\"Teilnahme - WORD UP!\",\"isPartOf\":{\"@id\":\"https:\\\/\\\/wordup-hd.de\\\/#website\"},\"primaryImageOfPage\":{\"@id\":\"https:\\\/\\\/wordup-hd.de\\\/?page_id=225#primaryimage\"},\"image\":{\"@id\":\"https:\\\/\\\/wordup-hd.de\\\/?page_id=225#primaryimage\"},\"thumbnailUrl\":\"https:\\\/\\\/eep.io\\\/mc-cdn-images\\\/template_images\\\/branding_logo_text_dark_dtp.svg\",\"datePublished\":\"2015-02-08T14:49:49+00:00\",\"dateModified\":\"2026-01-22T10:08:48+00:00\",\"breadcrumb\":{\"@id\":\"https:\\\/\\\/wordup-hd.de\\\/?page_id=225#breadcrumb\"},\"inLanguage\":\"de\",\"potentialAction\":[{\"@type\":\"ReadAction\",\"target\":[\"https:\\\/\\\/wordup-hd.de\\\/?page_id=225\"]}]},{\"@type\":\"ImageObject\",\"inLanguage\":\"de\",\"@id\":\"https:\\\/\\\/wordup-hd.de\\\/?page_id=225#primaryimage\",\"url\":\"https:\\\/\\\/eep.io\\\/mc-cdn-images\\\/template_images\\\/branding_logo_text_dark_dtp.svg\",\"contentUrl\":\"https:\\\/\\\/eep.io\\\/mc-cdn-images\\\/template_images\\\/branding_logo_text_dark_dtp.svg\"},{\"@type\":\"BreadcrumbList\",\"@id\":\"https:\\\/\\\/wordup-hd.de\\\/?page_id=225#breadcrumb\",\"itemListElement\":[{\"@type\":\"ListItem\",\"position\":1,\"name\":\"Home\",\"item\":\"https:\\\/\\\/wordup-hd.de\\\/\"},{\"@type\":\"ListItem\",\"position\":2,\"name\":\"Poetry Slam\",\"item\":\"https:\\\/\\\/wordup-hd.de\\\/?page_id=176\"},{\"@type\":\"ListItem\",\"position\":3,\"name\":\"Teilnahme\"}]},{\"@type\":\"WebSite\",\"@id\":\"https:\\\/\\\/wordup-hd.de\\\/#website\",\"url\":\"https:\\\/\\\/wordup-hd.de\\\/\",\"name\":\"WORD UP!\",\"description\":\"\",\"potentialAction\":[{\"@type\":\"SearchAction\",\"target\":{\"@type\":\"EntryPoint\",\"urlTemplate\":\"https:\\\/\\\/wordup-hd.de\\\/?s={search_term_string}\"},\"query-input\":{\"@type\":\"PropertyValueSpecification\",\"valueRequired\":true,\"valueName\":\"search_term_string\"}}],\"inLanguage\":\"de\"}]}<\/script>\n<!-- \/ Yoast SEO plugin. -->","yoast_head_json":{"title":"Teilnahme - WORD UP!","robots":{"index":"index","follow":"follow","max-snippet":"max-snippet:-1","max-image-preview":"max-image-preview:large","max-video-preview":"max-video-preview:-1"},"canonical":"https:\/\/wordup-hd.de\/?page_id=225","og_locale":"de_DE","og_type":"article","og_title":"Teilnahme - WORD UP!","og_description":"Bei einigen unserer Poetry Slams im Kulturfenster (U20), in der Leitstelle und gelegentlich an anderen Orten kann jede*r teilnehmen. Ihr m\u00fcsst uns weder Manuskripte schicken noch nachweisen, dass Ihr bereits anderswo aufgetreten seid. Bei den U20 Slams darf mitmachen, wer nicht \u00e4lter als 20 Jahre ist. Wenn es einen Termin \u2026 Mehr lesen...","og_url":"https:\/\/wordup-hd.de\/?page_id=225","og_site_name":"WORD UP!","article_publisher":"https:\/\/www.facebook.com\/WORDUPHD","article_modified_time":"2026-01-22T10:08:48+00:00","og_image":[{"url":"https:\/\/eep.io\/mc-cdn-images\/template_images\/branding_logo_text_dark_dtp.svg","type":"","width":"","height":""}],"twitter_misc":{"Gesch\u00e4tzte Lesezeit":"2\u00a0Minuten"},"schema":{"@context":"https:\/\/schema.org","@graph":[{"@type":"WebPage","@id":"https:\/\/wordup-hd.de\/?page_id=225","url":"https:\/\/wordup-hd.de\/?page_id=225","name":"Teilnahme - WORD UP!","isPartOf":{"@id":"https:\/\/wordup-hd.de\/#website"},"primaryImageOfPage":{"@id":"https:\/\/wordup-hd.de\/?page_id=225#primaryimage"},"image":{"@id":"https:\/\/wordup-hd.de\/?page_id=225#primaryimage"},"thumbnailUrl":"https:\/\/eep.io\/mc-cdn-images\/template_images\/branding_logo_text_dark_dtp.svg","datePublished":"2015-02-08T14:49:49+00:00","dateModified":"2026-01-22T10:08:48+00:00","breadcrumb":{"@id":"https:\/\/wordup-hd.de\/?page_id=225#breadcrumb"},"inLanguage":"de","potentialAction":[{"@type":"ReadAction","target":["https:\/\/wordup-hd.de\/?page_id=225"]}]},{"@type":"ImageObject","inLanguage":"de","@id":"https:\/\/wordup-hd.de\/?page_id=225#primaryimage","url":"https:\/\/eep.io\/mc-cdn-images\/template_images\/branding_logo_text_dark_dtp.svg","contentUrl":"https:\/\/eep.io\/mc-cdn-images\/template_images\/branding_logo_text_dark_dtp.svg"},{"@type":"BreadcrumbList","@id":"https:\/\/wordup-hd.de\/?page_id=225#breadcrumb","itemListElement":[{"@type":"ListItem","position":1,"name":"Home","item":"https:\/\/wordup-hd.de\/"},{"@type":"ListItem","position":2,"name":"Poetry Slam","item":"https:\/\/wordup-hd.de\/?page_id=176"},{"@type":"ListItem","position":3,"name":"Teilnahme"}]},{"@type":"WebSite","@id":"https:\/\/wordup-hd.de\/#website","url":"https:\/\/wordup-hd.de\/","name":"WORD UP!","description":"","potentialAction":[{"@type":"SearchAction","target":{"@type":"EntryPoint","urlTemplate":"https:\/\/wordup-hd.de\/?s={search_term_string}"},"query-input":{"@type":"PropertyValueSpecification","valueRequired":true,"valueName":"search_term_string"}}],"inLanguage":"de"}]}},"_links":{"self":[{"href":"https:\/\/wordup-hd.de\/index.php?rest_route=\/wp\/v2\/pages\/225","targetHints":{"allow":["GET"]}}],"collection":[{"href":"https:\/\/wordup-hd.de\/index.php?rest_route=\/wp\/v2\/pages"}],"about":[{"href":"https:\/\/wordup-hd.de\/index.php?rest_route=\/wp\/v2\/types\/page"}],"author":[{"embeddable":true,"href":"https:\/\/wordup-hd.de\/index.php?rest_route=\/wp\/v2\/users\/1"}],"replies":[{"embeddable":true,"href":"https:\/\/wordup-hd.de\/index.php?rest_route=%2Fwp%2Fv2%2Fcomments&post=225"}],"version-history":[{"count":12,"href":"https:\/\/wordup-hd.de\/index.php?rest_route=\/wp\/v2\/pages\/225\/revisions"}],"predecessor-version":[{"id":3000,"href":"https:\/\/wordup-hd.de\/index.php?rest_route=\/wp\/v2\/pages\/225\/revisions\/3000"}],"up":[{"embeddable":true,"href":"https:\/\/wordup-hd.de\/index.php?rest_route=\/wp\/v2\/pages\/176"}],"wp:attachment":[{"href":"https:\/\/wordup-hd.de\/index.php?rest_route=%2Fwp%2Fv2%2Fmedia&parent=225"}],"curies":[{"name":"wp","href":"https:\/\/api.w.org\/{rel}","templated":true}]}}